 -3*q, 5*f - 349 = -3*q. What are the prime factors of f?
71
Suppose -4 = 2*d - 0, 5*d + 85 = -5*h. Let q = 20 + h. List the prime factors of q.
5
Suppose k = 2*u - 31, 12 = 3*u + 4*k - 40. Let s = 32 - u. What are the prime factors of s?
2
Let n = 3 - 0. List the prime factors of 13/(n*2/6).
13
Suppose 4*x = -4*p + p + 14, -3*x - 4*p = -7. Let g(l) = l - 7. Let i be g(x). What are the prime factors of (0 + i)/(-4)*6?
3
Let m(h) = h**2 - 2*h - 3. Let p be m(3). Suppose 0 = 5*y - s - 26, -y - 2*s + 4 + 10 = p. List the prime factors of y.
2, 3
Let b = 24 - 46. Let r = 24 + b. What are the prime factors of r?
2
Let n = 34 + -29. What are the prime factors of n?
5
Let s = -6 - -71. What are the prime factors of s?
5, 13
Let x(w) = 9*w - 9. Let b = 13 + -7. Let c(s) = 5*s - 5. Let m(h) = b*x(h) - 11*c(h). List the prime factors of m(-4).
5
Suppose 2*v = 5*b + 19, -2*v = -4*b - 7 - 9. List the prime factors of (12/15)/(b/(-15)).
2
Let f = -2 + 6. Suppose -f*v + q = -47, -4*v + 7 = 4*q - 65. What are the prime factors of v?
13
Suppose -58 = -2*o + 22. What are the prime factors of o?
2, 5
Suppose 3*v - 3 = -d, -2*v + 6 = 2*d + 2*v. Let r = 2 + d. Suppose -u + 3*o = -4, -12 - 8 = -r*u + 3*o. List the prime factors of u.
2
Suppose 0 = 2*c - 5*m - 189, 7*c + 3*m - 457 = 2*c. List the prime factors of c.
2, 23
Suppose 4*p - 51 = 21. What are the prime factors of p?
2, 3
Let b(w) = w**2 - w + 5. Let i be b(0). Suppose -i*f + 48 = -2*f. What are the prime factors of f?
2
Suppose 3*f - 65 = -20. Let z(j) = -j**2 - 3*j - 2. Let y be z(-2). Let u = f - y. List the prime factors of u.
3, 5
Let d(w) be the third derivative of -w**6/40 - w**4/12 - w**3/6 + w**2. Let x(s) = -s + 5. Let f be x(6). What are the prime factors of d(f)?
2
Let d(k) = -5*k**2 - 2*k**2 + 4*k**2 - 2 + 4*k**2 - k**3. Let u be d(2). List the prime factors of ((-28)/u)/(12/18).
7
Let g(p) = 8*p. Let b be g(1). Let i = -6 + b. What are the prime factors of i?
2
List the prime factors of (106/(-4) + (-4)/8)/(-1).
3
What are the prime factors of (12/(-8))/(6/(-40))?
2, 5
Let r = -171 + 254. List the prime factors of r.
83
Suppose -3*i = 2*o, o = -4*i + 5 - 15. Suppose -20 = k - o*k. Suppose -k*u = -16 - 20. What are the prime factors of u?
3
Let f(o) = -o + 10. Let j be f(0). Suppose 4*a = j + 6. Suppose -3*v + 2 = a*i, 7*i = 2*i - 5*v. What are the prime factors of i?
2
Suppose 0 = 7*j - 707 - 77. What are the prime factors of j?
2, 7
Let m(w) = w**2 + 2*w - 1. Suppose -6*r = -3*r - 6. What are the prime factors of m(r)?
7
Suppose -w + d + 7 = -0, 2*w = -3*d + 34. Suppose 0 = -4*g + a + 69, w = g + a - 10. List the prime factors of g.
2, 3
Let l be (-3 + 2)*(-1 - 0). Let n = l - -3. What are the prime factors of ((-18)/n)/(1/(-2))?
3
List the prime factors of 17 + 3/(-12) + (-26)/(-8).
2, 5
Suppose 2 = -2*z - 0*s + 2*s, 0 = 4*z + s - 6. Let h be (z + 0)*0/2. Suppose 2*v - 2*m = -3*m + 13, h = -v + 3*m + 3. What are the prime factors of v?
2, 3
Let n be (-45)/(-3)*9/15. Suppose n + 6 = 5*l. List the prime factors of l.
3
Let a(l) = -3*l + 201. List the prime factors of a(0).
3, 67
Let a = -9 - -15. Let z = 4 + a. What are the prime factors of z?
2, 5
Suppose 4 - 14 = 3*p + 4*a, -3*a = 5*p + 2. Let j = 5 - p. Suppose 5*g = -4*x + 40, 2*x + 0*x + j*g = 20. List the prime factors of x.
2, 5
Suppose q + 64 = -q. Let j = -17 - q. List the prime factors of j.
3, 5
Suppose 2*h = 3*z - 129, -z - 93 = 4*h + 186. Let y = h - -366. What are the prime factors of 2/3*y/18?
11
What are the prime factors of 4/((-1)/6*-1)?
2, 3
Suppose -4*r + 16 = 0, 0*r = -4*f - r + 16. List the prime factors of 97/f + (-2)/(-3).
3, 11
Let g be 0*(-2)/8*-4. Suppose -8*b + 4*b + 56 = g. What are the prime factors of b?
2, 7
Let t(k) = -72*k**3 - k**2 + k + 2. Let m be t(-1). Suppose 0*s = 4*j + 2*s - m, -j + 5*s = -7. What are the prime factors of j?
17
Suppose -t - 415 = -6*t. What are the prime factors of t?
83
Let b(f) = -f**2 + f + 2. List the prime factors of b(0).
2
Let g = 378 + -170. What are the prime factors of g?
2, 13
Let n(q) = -5*q**2 - 4*q + 1. Let g(k) = -4*k**2 - 5*k. Let j(x) = -4*g(x) + 3*n(x). Let d be j(-7). Let b(v) = -v + 5. What are the prime factors of b(d)?
3
Let a be (-1)/3 + (-37)/(-3). Let l = 32 - a. List the prime factors of l.
2, 5
Let j(t) = 2*t + 4. Let s be j(-3). Let y = -10 + 30. What are the prime factors of (s - 10/(-4))*y?
2, 5
Let g = -463 - -696. List the prime factors of g.
233
Let k(v) = -v**3 + 6*v**2 - 4*v - 5. Suppose 0 = -3*z - 2*z - 2*a + 26, z - 7 = -a. List the prime factors of k(z).
11
What are the prime factors of (-5 - -29)*8/6?
2
Let f = -321 - -508. List the prime factors of f.
11, 17
List the prime factors of 4*1/4 - -28.
29
Let t = -54 + 75. List the prime factors of t.
3, 7
Suppose 0 = 5*b - 5*j - 15, -b + 2*b - 2*j = 8. List the prime factors of b/8 + 297/36.
2
Suppose 17 = u - 2*y, -4*y = 3*u - 4*u + 13. List the prime factors of u.
3, 7
List the prime factors of (-4)/24 + (-163)/(-6).
3
Let x = -59 - -18. Let f = 65 + x. List the prime factors of f.
2, 3
Let k be (-18)/((-9)/6 + 3). Let l = k + 23. What are the prime factors of l?
11
Let v(l) = -l**3 + 14*l**2 - 11*l. List the prime factors of v(13).
2, 13
Suppose 3*k - 585 = 540. What are the prime factors of k?
3, 5
List the prime factors of (72 + 4 + -2)/2.
37
Suppose -2*s + 23 + 43 = 0. Suppose -3*b + s = -0*b. What are the prime factors of b?
11
List the prime factors of (3/(-1))/((-24)/304).
2, 19
Suppose -5*d + 22 + 3 = 0. Suppose 15 = m + d*a, -4*m - 3*a + 13 = -13. List the prime factors of m.
5
Let t(y) = -y + 4. Let s be (1/(-2))/((-2)/24). Let f be t(s). What are the prime factors of 3/(6/38) + f?
17
Let c(f) be the second derivative of f**4 + f**3/3 - 3*f. Let d be c(-2). Suppose 3*o - d = -o. What are the prime factors of o?
11
Let w(u) = u**2 + 2*u - 3. Let n be w(-3). Suppose y + 52 - 22 = n. What are the prime factors of y/(-7) - (-12)/(-42)?
2
Let t be -1*((-5)/1 + 3). List the prime factors of 13 + t*(-1)/2.
2, 3
Let j = -9 - -13. Let s be ((-2)/(-5))/(2/10). Suppose f = o - 8, -j*o + s*f + 51 = 13. What are the prime factors of o?
11
Let u(x) = x**2 + 2*x + 23. What are the prime factors of u(12)?
191
Let k = -34 - -64. List the prime factors of k.
2, 3, 5
Let a be 1/(-3*1/(-6)). Let g(u) = 2*u**3 - 3*u**2 + 2*u. What are the prime factors of g(a)?
2
List the prime factors of (-40)/15*(-507)/4.
2, 13
Let v(h) = 22*h + 7*h**3 - 3 + h**2 - 22*h + 2. What are the prime factors of v(1)?
7
Suppose -g = -v - 6, 3*g - 27 = 4*v - 2*g. Let x = 14 + v. List the prime factors of x.
11
Let k(h) = 5*h**2 - 5*h + 20. What are the prime factors of k(6)?
2, 5, 17
Let o be -2 - 1/(2/(-36)). Suppose -4 = 2*h - 3*b, 0 = -h + 8*b - 3*b - 16. Suppose -h*s + 2*s = -o. What are the prime factors of s?
2
Let o(v) = -v**3 + 8*v**2 - v - 5. List the prime factors of o(4).
5, 11
Suppose 4*o + 632 - 1568 = 0. List the prime factors of o.
2, 3, 13
Let j = 238 - 135. What are the prime factors of j?
103
Suppose -2*x - 4*i + 12 = 0, -4 = -3*x - 3*i + 2. Let d = 3 - x. Suppose d*z = 7*z - 28. List the prime factors of z.
2, 7
Let j be 4/(-16) + 1/4. Suppose j = -5*v - 2*l + 64, l + 1 = 3. List the prime factors of v.
2, 3
Suppose 3*f - 56 = f. Let n be 5 + (3 - 3) + -2. Suppose -n*k - 5*v = -f, 2*k - 7 = -5*v + 15. List the prime factors of k.
2, 3
Let s(y) = -y**3 + 13*y**2 - 4*y + 18. What are the prime factors of s(7)?
2, 71
Suppose g - 47 = -2*g - 5*a, -g - 3*a + 9 = 0. List the prime factors of g.
2, 3
Suppose d = 4*j - 16, 0 = -4*d - 0*d - 4*j - 104. Let k = -12 - d. List the prime factors of k.
2, 3
Let h(o) = 7*o + 3. Let f be h(-2). Suppose -5 = 3*b + 1. List the prime factors of -1 - 0 - (f + b).
2, 3
Suppose 0 + 2 = 2*a. Let w = 39 - 43. Let u = a - w. What are the prime factors of u?
5
Let y be 30/(-18) + (-4)/(-6). What are the prime factors of (-180)/(-16) + y/4?
11
Let y(x) = 2*x**3 - 7*x + 2. What are the prime factors of y(4)?
2, 3, 17
Suppose -8 = -2*j - 2*j. Suppose 0 = -j*x - x - 6, -3*x = -4*v + 10. Let t = v - -7. What are the prime factors of t?
2
Suppose 0 = 2*m - 25 - 67. Let b = m - 33. What are the prime factors of b?
13
Let b(n) = 2 + 0*n - 2 + n. Let z be b(0). Let h = 4 - z. List the prime fa